Calculate the remainder when 6088 is divided by 304.
8
What is the remainder when 25154 is divided by 86?
42
What is the remainder when 55680 is divided by 269?
266
What is the remainder when 2912 is divided by 1453?
6
Calculate the remainder when 210 is divided by 109.
101
What is the remainder when 718746 is divided by 1190?
1176
What is the remainder when 26950 is divided by 24?
22
What is the remainder when 28697 is divided by 21?
11
Calculate the remainder when 15211 is divided by 10.
1
Calculate the remainder when 2515 is divided by 25.
15
What is the remainder when 35107 is divided by 10?
7
What is the remainder when 1745219 is divided by 435?
434
Calculate the remainder when 1116 is divided by 557.
2
What is the remainder when 6384 is divided by 127?
34
What is the remainder when 1798 is divided by 8?
6
Calculate the remainder when 1459322 is divided by 1345.
1342
What is the remainder when 54289 is divided by 16?
1
What is the remainder when 50031 is divided by 4545?
36
What is the remainder when 57669 is divided by 139?
123
What is the remainder when 178992 is divided by 74?
60
What is the remainder when 917 is divided by 67?
46
Calculate the remainder when 1548163 is divided by 967.
963
Calculate the remainder when 387088 is divided by 44.
20
Calculate the remainder when 2007 is divided by 322.
75
Calculate the remainder when 566349 is divided by 414.
411
Calculate the remainder when 19795 is divided by 132.
127
Calculate the remainder when 4130 is divided by 218.
206
Calculate the remainder when 872533 is divided by 169.
155
What is the remainder when 5355 is divided by 315?
0
What is the remainder when 71784 is divided by 13?
11
Calculate the remainder when 224363 is divided by 39.
35
What is the remainder when 752 is divided by 694?
58
What is the remainder when 13410 is divided by 203?
12
What is the remainder when 5273 is divided by 119?
37
What is the remainder when 2359 is divided by 1158?
43
Calculate the remainder when 185521 is divided by 181.
177
Calculate the remainder when 39726 is divided by 1168.
14
Calculate the remainder when 723 is divided by 22.
19
What is the remainder when 8151 is divided by 74?
11
Calculate the remainder when 968 is divided by 788.
180
Calculate the remainder when 8691 is divided by 8661.
30
Calculate the remainder when 209949 is divided by 108.
105
Calculate the remainder when 30526 is divided by 22.
12
Calculate the remainder when 2654546 is divided by 347.
343
Calculate the remainder when 743 is divided by 387.
356
What is the remainder when 7354538 is divided by 892?
890
Calculate the remainder when 428637 is divided by 16.
13
Calculate the remainder when 97933 is divided by 26.
17
Calculate the remainder when 49035 is divided by 49026.
9
Calculate the remainder when 303302 is divided by 18956.
6
What is the remainder when 150583 is divided by 18821?
15
What is the remainder when 7057 is divided by 3425?
207
What is the remainder when 62268 is divided by 73?
72
What is the remainder when 108113 is divided by 4914?
5
Calculate the remainder when 2451 is divided by 1200.
51
What is the remainder when 1999 is divided by 1039?
960
What is the remainder when 3463288 is divided by 192?
184
Calculate the remainder when 8503 is divided by 88.
55
Calculate the remainder when 3704 is divided by 263.
22
Calculate the remainder when 2149 is divided by 426.
19
Calculate the remainder when 11394 is divided by 1402.
178
What is the remainder when 10383970 is divided by 29?
27
What is the remainder when 151583 is divided by 1378?
3
What is the remainder when 694 is divided by 92?
50
Calculate the remainder when 118471 is divided by 23694.
1
Calculate the remainder when 57504 is divided by 90.
84
Calculate the remainder when 10015 is divided by 233.
229
What is the remainder when 8805 is divided by 352?
5
What is the remainder when 81018 is divided by 47?
37
Calculate the remainder when 8835 is divided by 174.
135
Calculate the remainder when 4502 is divided by 425.
252
What is the remainder when 11740 is divided by 61?
28
Calculate the remainder when 15970 is divided by 5.
0
What is the remainder when 8313 is divided by 260?
253
Calculate the remainder when 492637 is divided by 80.
77
What is the remainder when 1749 is divided by 57?
39
Calculate the remainder when 32104 is divided by 16.
8
Calculate the remainder when 12683 is divided by 36.
11
What is the remainder when 63311 is divided by 31655?
1
What is the remainder when 27625 is divided by 21?
10
Calculate the remainder when 4737 is divided by 277.
28
Calculate the remainder when 4473 is divided by 2218.
37
Calculate the remainder when 6308 is divided by 158.
146
What is the remainder when 3338 is divided by 197?
186
What is the remainder when 15941 is divided by 7960?
21
Calculate the remainder when 176 is divided by 8.
0
Calculate the remainder when 430 is divided by 171.
88
Calculate the remainder when 1215198 is divided by 496.
494
What is the remainder when 10764 is divided by 3517?
213
Calculate the remainder when 1301885 is divided by 229.
20
Calculate the remainder when 494317 is divided by 185.
182
Calculate the remainder when 855 is divided by 92.
27
Calculate the remainder when 93 is divided by 89.
4
Calculate the remainder when 989878 is divided by 60.
58
What is the remainder when 2376210 is divided by 37?
33
What is the remainder when 22908 is divided by 1529?
1502
What is the remainder when 4297 is divided by 4219?
78
What is the remainder when 1700 is divided by 283?
2
Calculate the remainder when 2872 is divided by 2870.
2
What is the remainder when 932 is divided by 239?
215
What is the remainder when 2739 is divided by 895?
54
Calculate the remainder when 187 is divided by 112.
75
What is the remainder when 9456 is divided by 531?
429
Calculate the remainder when 93927 is divided by 31293.
48
What is the remainder when 7487 is divided by 2475?
62
What is the remainder when 3979 is divided by 495?
19
Calculate the remainder when 856 is divided by 20.
16
What is the remainder when 2601 is divided by 519?
6
What is the remainder when 24407 is divided by 4837?
222
What is the remainder when 152945 is divided by 18?
17
What is the remainder when 21555 is divided by 7167?
54
What is the remainder when 253927 is divided by 758?
755
Calculate the remainder when 1811 is divided by 23.
17
What is the remainder when 4778 is divided by 246?
104
Calculate the remainder when 169931 is divided by 5859.
20
What is the remainder when 405137 is divided by 135036?
29
Calculate the remainder when 17939 is divided by 43.
8
What is the remainder when 101290 is divided by 1350?
40
Calculate the remainder when 642303 is divided by 259.
242
What is the remainder when 47051 is divided by 27?
17
What is the remainder when 2096 is divided by 610?
266
Calculate the remainder when 1309320 is divided by 17.
14
Calculate the remainder when 9160 is divided by 704.
8
What is the remainder when 55115 is divided by 265?
260
What is the remainder when 92151 is divided by 1359?
1098
What is the remainder when 1454 is divided by 37?
11
Calculate the remainder when 160771 is divided by 22.
17
What is the remainder when 34162 is divided by 26?
24
What is the remainder when 63121 is divided by 501?
496
What is the remainder when 195456 is divided by 9?
3
Calculate the remainder when 1956 is divided by 89.
87
What is the remainder when 157661 is divided by 69?
65
What is the remainder when 6785 is divided by 1349?
40
Calculate the remainder when 9301 is divided by 18.
13
Calculate the remainder when 933659 is divided by 351.
350
Calculate the remainder when 127708 is divided by 27.
25
Calculate the remainder when 12888 is divided by 529.
192
What is the remainder when 45899 is divided by 306?
305
What is the remainder when 1465 is divided by 492?
481
What is the remainder when 3201117 is divided by 13?
10
What is the remainder when 8347 is divided by 174?
169
What is the remainder when 158335 is divided by 30?
25
Calculate the remainder when 1741373 is divided by 1456.
1453
Calculate the remainder when 33 is divided by 29.
4
What is the remainder when 42840 is divided by 65?
5
Calculate the remainder when 3018 is divided by 988.
54
What is the remainder when 67402 is 